 5*i**4/24 + i**3/3 + i**2. Suppose 5*n + 4*f + 22 = 0, 4*f = -0*n + n + 14. Give p(n).
-4
Suppose 6*x + 20 + 4 = 0. Let c(w) = -3*w - 2*w + 2*w - 9 - 2*w**2. Let n(i) = -3*i**2 - 2*i - 10. Let l(q) = x*c(q) + 3*n(q). Give l(5).
11
Let k(s) = s**3 - 6*s**2 - 6. Let w be (-1)/(-2) - (-11)/2. Let p be k(w). Let b(r) = 2*r**2 + 8*r + 9. Let l(x) = x**2. Let u(d) = b(d) - l(d). Calculate u(p).
-3
Let s(o) = o**3 + 7*o**2 + 5*o + 1. Suppose -5 = -l - 2. Suppose -4*b + 9*b = 5*v + 25, -4*v - 27 = l*b. Determine s(v).
7
Let l(o) = -9*o**2 - 7. Let r(p) = -9*p**2 - 6. Suppose b = -4*b + 30. Let j(w) = b*r(w) - 5*l(w). What is j(1)?
-10
Suppose u - 5 = 2*y, -25 = y + 2*y - 5*u. Let a(q) be the second derivative of -7/2*q**2 + 1/12*q**4 - q + 0 + 0*q**3. Give a(y).
-7
Let s(l) = 2*l**2 + 12*l - 5*l - 2*l**2 + 6 + l**2. Let u(d) = -d + 2. Let k be u(3). Let g be ((-4)/10)/(k/(-10)). What is s(g)?
-6
Let z(u) = u**2 + 2. Suppose -3*q = -q. Suppose -2*t + b + 2 = t, -4*b + 16 = q. Determine z(t).
6
Suppose 14 = -4*d - 3*w, -4*d - 8*w - 18 = -3*w. Let x be (d/(-5))/(2/40). Let v(u) = -1 + x*u + 1 + 3 + u**2. Determine v(-4).
-13
Let g(p) = -5*p - 1. Let r(l) = l**2 + 0*l**2 - 4*l - 2*l**2 - 1 + 0. Let w be r(-4). What is g(w)?
4
Let j = -2 - -8. Let o(p) = -5*p**2 - j*p + p + 6*p**3 + 3 - 7*p**3. Let g(w) = w - 1. Let h be g(-3). What is o(h)?
7
Suppose k + 2*j = -4, 0 = 2*k - 3*j - 5 - 1. Let i(a) be the third derivative of 3*a**2 + 0*a - a**3 + 0*a**4 + 0 + 1/120*a**6 - 1/60*a**5. What is i(k)?
-6
Let f be (4/(-18))/(7/(-63)). Let y(w) = 5*w - 3. Give y(f).
7
Let i(r) = 5*r**2 + r. Let n be i(-1). Let a(m) = -m + 3. Give a(n).
-1
Let h(w) = -w + 0*w - 7*w**2 + 4*w**2. Let x be -2*4/(-16)*2. Calculate h(x).
-4
Let w(l) = 3*l - 9. Let z be w(4). Let g(i) = 3*i + 1. Let x be g(1). Let j(s) = -s - x + s + s. Calculate j(z).
-1
Let a(s) = -2*s - 4. Let n = -4 - -2. Let r be 1 - ((n - -9) + -2). Give a(r).
4
Let r = 4 + -2. Let z(m) = 3 - 3 + 0 - 1 - r*m. What is z(-2)?
3
Let o(v) = -3*v - 1. Let c be (-8)/12 + 1/(-3). Determine o(c).
2
Let b(i) = -4*i - 6. Let p(k) = k + 1. Let g(h) = b(h) + 5*p(h). Let z be g(7). Let s(v) = 13*v - 3 + 2 - v**2 - 23*v + 15*v. Give s(z).
-7
Suppose k = -3*k + 20. Suppose -5*j = 0, 0*j + k = -5*z - 4*j. Let o(x) be the second derivative of x**3/6 + x. Calculate o(z).
-1
Let d(o) = -4 + 6 + 4*o + 3*o**2 - 2*o**2 - 4. What is d(-5)?
3
Suppose 10 = 9*h + 1. Let g(w) = -16*w**3 - w**2 + w - 1. Determine g(h).
-17
Let z(n) = -n**3 + 1 - 1 - 1 - 7 + n**2. Give z(0).
-8
Let f(a) be the first derivative of 1/6*a**3 + 1/30*a**5 + 1 + 1/24*a**4 - 1/2*a**2 + 0*a. Let x(l) be the second derivative of f(l). Determine x(-1).
2
Suppose -4*h - 7 = -31. Let s(j) be the second derivative of j**4/12 - 7*j**3/6 + 7*j**2/2 + 64*j. What is s(h)?
1
Let j(i) = -3 + 5 + 7*i - 1 - i**3 + 5*i**2 + 2. What is j(6)?
9
Let w(j) = -2*j + 1. Let c(z) = -4*z + 3. Let x(q) = 4*c(q) - 10*w(q). Determine x(-4).
-14
Let n = 10 - 10. Let p(j) = 2 + 3*j + 0 + j**3 + n + 2*j**2 + 2*j**2. What is p(-4)?
-10
Let s(i) = 6*i - 13. Let t(r) = -7*r + 14. Let m(h) = -6*s(h) - 5*t(h). Calculate m(8).
0
Let k(g) = g**2 - 3*g + 3. Let x(f) = f**3 + 5*f**2 - 5*f + 8. Let y = -16 + 10. Let d be x(y). What is k(d)?
1
Let z(a) = -a**2 - 4*a - 3. Let s be (-23)/5 - (-6)/(-15). Give z(s).
-8
Suppose 7*p = -14 - 0. Let t(v) = -2*v. Calculate t(p).
4
Suppose -5 = -5*x - 5*o, -3*x - 2*o + 7 = -3*o. Let n(d) = d - 5. Let c be n(6). Let k(g) = g - x*g - g + c - 5. What is k(-5)?
6
Let k(w) = -w**2 - 9*w - 2. Let h be -1*(8 - 3 - (-2 - 1)). What is k(h)?
6
Suppose 28 = 5*h - 2. Suppose -h = u + b + b, -2*u + 2*b = -12. Let n(r) = -r**3 + 2. Give n(u).
-6
Let h(v) be the second derivative of v**4/12 - v**3/3 - v**2 - 22*v. Give h(-3).
13
Let z(o) be the second derivative of -1/5*o**5 + 0 - 1/3*o**3 + 1/6*o**4 + 3*o + 1/2*o**2. Determine z(1).
-3
Let f(p) = -3*p + 1. Let s(j) = 7*j - 2. Let m(l) = -5*f(l) - 2*s(l). Determine m(-2).
-3
Suppose 0*o = 5*r - 3*o - 49, o + 11 = r. Let t(q) = 2*q - 11. Give t(r).
5
Let a(p) = -p - 13. Let b be a(-10). Let t(s) = -4*s - 4. Calculate t(b).
8
Suppose u - 3*u + 4 = 0. Let q(y) = u*y**3 - 3*y**2 - 5 - 2*y**2 + 5*y - y**3 + 1. Let w(o) = -o**2 - 6*o - 1. Let f be w(-5). Give q(f).
0
Suppose 15 + 5 = 5*n. Suppose -n*f = 9 + 7. Let o(r) = 0 + 3*r + 1 + 5. Give o(f).
-6
Let q = -205 - -206. Let v(o) = -o**2 + 2*o. Determine v(q).
1
Let k(w) = 3*w + 1. Let z(y) be the second derivative of 0 - 2*y**2 - 2*y + 1/20*y**5 + 1/3*y**3 - 1/4*y**4. Let q be z(3). Determine k(q).
7
Let m(f) be the second derivative of f**3/6 + f**2 - 6*f. Give m(4).
6
Let w(x) = 11*x**2 + x + 1. Let i = 6 - 4. Suppose -2*h - 3*h = -i*g + 15, -3*g + 14 = h. Determine w(h).
11
Let o(y) = 4*y**3 + 1. Suppose -1 - 3 = -2*q. Let n be (-12)/18*(-3)/q. Give o(n).
5
Let k(r) be the third derivative of 5*r**4/24 - r**3/2 - 3*r**2. Calculate k(2).
7
Let o(l) = -49 - 51 + l + 101. What is o(-6)?
-5
Suppose 0*t + 2*t = 2. Let g be t/(2/3 - 1). Let w(d) = -4*d**3 - d**2 - 5*d - 3. Let y(f) = f**3 - f**2 + f. Let o(v) = -w(v) - 3*y(v). Calculate o(g).
6
Let s(x) be the second derivative of -1/3*x**4 + 1/20*x**5 - 1/3*x**3 + 2*x**2 + 2*x + 0. Suppose -2*r + 16 = 2*w, 3*r + 3*w - 20 = w. Give s(r).
-4
Let u(s) = s + 1. Let j(i) = 4*i + 3. Let t be j(-2). Let g(k) = -6*k - 1. Let w(m) = t*u(m) - g(m). What is w(3)?
-1
Let k(p) = p**3 + 4*p**2 + 5. Let b be 4/(1 + 6/(-3)). Let c be k(b). Let q(t) = -2 + 5 + 3*t**2 - 5*t - 2*t**2. What is q(c)?
3
Let g(u) be the first derivative of -u**4/4 - 2*u**3/3 - 3*u**2/2 - 2*u + 2. Let q = 10 + -5. Suppose m - 5*p - 8 = 0, m + 2*m - 4 = q*p. Give g(m).
4
Let a(s) be the first derivative of -s**2/2 - 2*s + 1. Let p = -14 - -18. Suppose -3*g + p*g = 0. Determine a(g).
-2
Let h(c) = -c + 0*c + 1 + 2 - 2*c + 3*c**2. Let o be h(2). Suppose 24 = 3*a + a - 4*q, 4*a - q = o. Let b(p) = -5*p**3 + p**2 + p - 1. Determine b(a).
-4
Let i(b) = -2*b**3 - 7*b**2 + 3*b + 4. Let a(v) = v**3 + 6*v**2 - 2*v - 4. Let o(z) = -3*a(z) - 2*i(z). Suppose -s + 15 = 4*s. Give o(s).
-5
Let o(w) = 2*w**2 + 2*w - 3. Let i be -5 + -2*(-2)/2. Determine o(i).
9
Let x(i) be the first derivative of i**4/4 - 3*i**2/2 + 2*i - 3. Let v(o) = -o**3 - 3*o**2 + 4*o + 2. Let a be v(-4). Calculate x(a).
4
Let r(n) = -n**2 + 2*n + 1. Let z(i) = i**3 + i**2 + 4. Let q be z(0). Suppose q*k - p = 12, k - 30 + 8 = 5*p. Calculate r(k).
1
Let w(k) = -8*k - 1. Suppose -10 = -l + 2*v, 5*v + 8 = 2*l + 4*v. Suppose 6*u - u - l*n = 5, -n + 3 = 3*u. Suppose -m - u = 2*a - 2, 0 = 5*a. What is w(m)?
-9
Let h(s) = -3*s + 0*s + 2 - 7*s - 1. Let d(i) = -11*i + 1. Let l(o) = -6*d(o) + 7*h(o). Give l(2).
-7
Suppose -2 + 4 = 4*p + 2*j, 0 = 3*p - 4*j + 4. Let f(d) = -d**2 + 4. Determine f(p).
4
Let x(j) = -45*j + 20. Let i(t) = 29*t - 13. Let h(p) = -8*i(p) - 5*x(p). Let f be 26/8 - (-2)/(-8). Give h(f).
-17
Let u(t) be the third derivative of -t**6/120 - t**5/60 + t**4/24 + 11*t**2. Let c be 3/(-2)*4/(-6). Calculate u(c).
-1
Let w(f) = -7 - 3*f**2 + f**3 - 13*f + 7*f - 2*f**2. Give w(6).
-7
Suppose -2*j + 6*j = -12. Let a = 6 + j. Let n(i) = -1 - i**2 - a*i**3 + i - 2*i - 4*i**3. Determine n(-1).
6
Let j(d) = 6*d + 7. Let w(a) = 5*a + 7. Let i(u) = 3*j(u) - 4*w(u). Calculate i(-5).
3
Let x = -17 + 33. Let v = -4 - -7. Suppose s - x = -v*s. Let t(z) = 2*z - 2. Determine t(s).
6
Let t(a) = -a**3 + a**2 + 1. Let m = 0 - 0. Let g be t(m). Let z be 1 - (-2)/(-2) - g. Let d(q) = -9*q**2 + q + 1. What is d(z)?
-9
Let r(d) = -2*d**2 + 1 - 31*d - d**3 + 27*d - 4. Calculate r(-2).
5
Suppose 0 = -4*u + 10 + 6. Let z(x) = x - 7. What is z(u)?
-3
Let y(g) = -g - 3. Suppose 0 = -4*v + 47 - 7. Suppose 0 = 3*j - 8*j + v. Suppose -j*q = 2*q + 12. Calculate y(q).
0
Let r(u) = 2*u**2 + 5*u. Suppose -p = 4*x + 19, 6*p + 35 = -5*x + p. What is r(x)?
12
Let b(l) be the third derivative of -l**8/20160 - l**7/2520 + l**5/20 - 4*l**2. Let k(q) be the third derivative of b(q). Determine k(-4).
-8
Let i(n) be the second derivative of -n**4/12 + n**3 - 3*n**2/2 + 7*n. What is i(6)?
-3
Let a(n) = n**2 + 5*n - 24. Let r be a(-8). Let d(q) be the third derivative of 0 - 1/8*q**4 - 3*q**2 + r*q + 1/3*q**3. Give d(2).
-4
Let h(u) = u**2 - 4*u + 1. Let s